s -27 + -24776?
-25025
In base 3, what is 12 - -2010211000?
2010211012
In base 12, what is 17187b + 2?
171881
In base 8, what is -3 - -116?
113
In base 6, what is -201 - 3352?
-3553
In base 4, what is -110031 + 30121?
-13310
In base 7, what is -2 + 205134?
205132
In base 7, what is -141651 + -4?
-141655
In base 15, what is -18 - -3d1?
3b8
In base 9, what is -71 - 1026?
-1107
In base 16, what is a + -12d?
-123
In base 8, what is -1176573 + 0?
-1176573
In base 4, what is 1 - 130231331?
-130231330
In base 3, what is -10 - -2210221?
2210211
In base 14, what is 0 + -1597?
-1597
In base 15, what is -5 + 31d87?
31d82
In base 10, what is 216936 + 4?
216940
In base 4, what is 0 - 1132012331?
-1132012331
In base 11, what is 20909 - -2?
20910
In base 5, what is 1 - -230440341?
230440342
In base 9, what is -4 + 321364?
321360
In base 10, what is -1945 - -266?
-1679
In base 3, what is -221 - 12201?
-20122
In base 8, what is 110 - -11563?
11673
In base 10, what is -1150 - -26?
-1124
In base 5, what is 0 + -30001331?
-30001331
In base 6, what is -4 + 353145?
353141
In base 3, what is -12 - 1212?
-2001
In base 11, what is 2 + 306049?
306050
In base 14, what is 1a31 - 6?
1a29
In base 7, what is -2012060 + 3?
-2012054
In base 15, what is ab3c4 + 5?
ab3c9
In base 15, what is -77d9 + 13?
-77c6
In base 9, what is 15611 - 3?
15607
In base 7, what is -15424121 - -5?
-15424113
In base 3, what is 0 - 122001001?
-122001001
In base 4, what is 3103322 - -2003?
3111331
In base 10, what is -383 - 72?
-455
In base 16, what is -223f + -d?
-224c
In base 12, what is 24a - -156?
3a4
In base 11, what is -4 + 10446?
10442
In base 3, what is -1221 + 102212?
100221
In base 9, what is 158602 + 3?
158605
In base 9, what is -1445 - 15?
-1461
In base 10, what is -3 + 29067?
29064
In base 5, what is 12412443 - 10?
12412433
In base 16, what is 3 + 10ba8?
10bab
In base 12, what is 19a62 + 14?
19a76
In base 9, what is 366858 - 4?
366854
In base 11, what is 865 - 37?
829
In base 7, what is -143411 - 3?
-143414
In base 10, what is -13828 + 29?
-13799
In base 8, what is -3 - -106454?
106451
In base 7, what is 5116 + 5?
5124
In base 15, what is -8ea - -5c?
-88d
In base 14, what is -137c3 - -d?
-137b4
In base 5, what is 1231 + 31224?
33010
In base 8, what is 741 - -26?
767
In base 16, what is -5ebf9 - -2?
-5ebf7
In base 15, what is 6 - 3c75b?
-3c755
In base 4, what is 1201 - -21221?
23022
In base 12, what is ba1 - a2?
abb
In base 9, what is 12 + -24832?
-24820
In base 3, what is -22201122 + -12102?
-22221001
In base 4, what is -30321 - -1100?
-23221
In base 10, what is 10 + 64949?
64959
In base 9, what is 10285 - 382?
8803
In base 12, what is 7 + -78b2?
-78a7
In base 3, what is 11000 - 11121?
-121
In base 5, what is 11 + -123111231?
-123111220
In base 6, what is 4 + 52414?
52422
In base 9, what is -450776 - -17?
-450758
In base 7, what is -20501 + 1?
-20500
In base 16, what is -401 + -16c?
-56d
In base 6, what is 0 - 12131430?
-12131430
In base 3, what is -2 - 101002202101?
-101002202110
In base 16, what is 67 - -a89?
af0
In base 10, what is 1348079 - -5?
1348084
In base 11, what is 2 + 85862?
85864
In base 9, what is 1084 - -38?
1133
In base 8, what is -1446745 + 4?
-1446741
In base 14, what is 7b4 - 3?
7b1
In base 10, what is 8 + -12254?
-12246
In base 3, what is 2210022 - 1100010?
1110012
In base 14, what is -37b - -91?
-2ca
In base 5, what is 422 + 22014?
22441
In base 13, what is -3 - 17611?
-17614
In base 15, what is -179 - -202?
78
In base 11, what is -81840 - 6?
-81846
In base 8, what is -2 - 477446?
-477450
In base 11, what is 258 + 1a4?
451
In base 11, what is 5 - 96437?
-96432
In base 8, what is -5 - 37047?
-37054
In base 9, what is -7 - 38374?
-38382
In base 10, what is -10405 + -16?
-10421
In base 10, what is 0 - 587723?
-587723
In base 12, what is 2319 + -23?
22b6
In base 3, what is 0 + -212201200102?
-212201200102
In base 4, what is 300 + 12031?
12331
In base 8, what is -107431 - 34?
-107465
In base 8, what is -37 + 11215?
11156
In base 4, what is 1131121 + -3?
1131112
In base 2, what is 0 + -11011001110000111?
-11011001110000111
In base 14, what is 1 + -31c90?
-31c8d
In base 8, what is 7467561 + 3?
7467564
In base 14, what is -16c3 - -4?
-16bd
In base 11, what is -a5a + 2?
-a58
In base 8, what is 664305 - 1?
664304
In base 13, what is 4 + 1b7aa?
1b7b1
In base 13, what is 4a82 + 2?
4a84
In base 16, what is -282 + 1ce2?
1a60
In base 14, what is -1200 - 61?
-1261
In base 11, what is 5a5 + -186?
41a
In base 13, what is -5 - -1b15?
1b10
In base 5, what is -40401 - 3?
-40404
In base 6, what is -1010 - -1122?
112
In base 2, what is 1110000111000101 - -101?
1110000111001010
In base 11, what is -2 + -410?
-412
In base 8, what is -114222 + 157?
-114043
In base 16, what is 2 - 2286d?
-2286b
In base 9, what is 30451 - -84?
30545
In base 9, what is 413 + 800?
1313
In base 11, what is 168a5 - -28?
16922
In base 4, what is 203 - -30012?
30221
In base 3, what is -1021201 + 12201?
-1002000
In base 16, what is a3c37 - 0?
a3c37
In base 11, what is -3 + 185059?
185056
In base 13, what is 0 + -24ccb?
-24ccb
In base 3, what is -2201 - -20010?
10102
In base 3, what is 2100 + 1120112?
1122212
In base 6, what is -324222 - 125?
-324351
In base 16, what is 6ba - -244?
8fe
In base 5, what is 3 + -3431101?
-3431043
In base 3, what is -1012020 - 212?
-1020002
In base 9, what is -62 - 6756?
-6828
In base 10, what is 26932 - 1?
26931
In base 5, what is -1103402340 - -3?
-1103402332
In base 6, what is 3025 - 34?
2551
In base 10, what is 8 - -37026?
37034
In base 9, what is -614 + 634?
20
In base 3, what is 1111 - -22210202?
22212020
In base 14, what is -5 + -b0a2?
-b0a7
In base 10, what is 5 - -11953?
11958
In base 4, what is 3 + 1113312?
1113321
In base 2, what is -1100110011 - -11?
-1100110000
In base 15, what is -2e55 - -13?
-2e42
In base 3, what is -1 + 20211000200?
20211000122
In base 4, what is -332 + 1222?
230
In base 5, what is -1123401 - -31?
-1123320
In base 6, what is -103 - -2353?
2250
In base 10, what is 753 + -569?
184
In base 5, what is 4 - 1044001?
-1043442
In base 11, what is -4 + -36213?
-36217
In base 5, what is -141 - 11014110?
-11014301
In base 8, what is 1 - -27025?
27026
In base 16, what is -3 - 7d2d?
-7d30
In base 11, what is -8353 - 6?
-8359
In base 6, what is 1252 + -2120?
-424
In base 8, what is 24 - 747?
-723
In base 9, what is -336216 + 5?
-336211
In base 16, what is 3 + 13298?
1329b
In base 5, what is 222 - 4112?
-3340
In base 5, what is 2022304112 + -1?
2022304111
In base 3, what is 1010022200 + 100210?
1010200110
In base 9, what is -83777 - 6?
-83784
In base 12, what is -23761 - -77?
-236a6
In base 14, what is 4 + 14330?
14334
In base 13, what is 79c5 - -23?
7a18
In base 14, what is 672 - 47?
629
In base 8, what is 333173 - -32?
333225
In base 3, what is -22101 + -10110112?
-10202220
In base 6, what is -4 + -23313?
-23321
In base 14, what is 4bc5 + -8?
4bbb
In base 9, what is -765 + 14?
-751
In base 8, what is 5 - 317122?
-317115
In base 6, what is 15 + 255412?
255431
In base 7, what is 45451 - -2?
45453
In base 4, what is -312111 + -10?
-312121
In base 16, what is -90 + 127?
97
In base 4, what is -23301220 - 2?
-23301222
In base 16, what is a9 - -218?
2c1
In base 5, what is -1112143233 + -2?
-1112143240
In base 4, what is -1003 + 2232130?
2231121
In base 3, what is -10 + 1120220021?
1120220011
In base 14, what is 428 - -3?
42b
In base 13, what is -44 + 2149?
2105
In base 10, what is 49 - 1398?
-1349
In base 4, what is -1 + -1020130010?
-1020130011
In base 9, what is -10057 - -6?
-10051
In base 12, what is 3a491 - 5?
3a488
In base 2, what is 11110011 + -101010111010110?
-101010011100011
In base 15, what is -278312 + 0?
-278312
In base 16, what is -49 + 11b?
d2
In base 12, what is 6 - 1263?
-1259
In base 7, what is 1104 + -151?
623
In base 14, what is -aa61 - -4?
-aa5b
In base 9, what is 1513 + -1?
1512
In base 16, what is -1e78 - -d?
-1e6b
In base 8, what is 54763 + -73?
54670
In base 4, what is 22022000121 + 11?
22022000132
In base 6, what is -335 - 123433?
-124212
In base 7, what is 3 - 44460?
-44454
In base 16, what is -8bc6 - 2?
-8bc8
In base 3, what is -1200121 - -1101012?
-22102
In base 9, what is -63738 + -200?
-64038
In base 16, what is 5c - -1e2?
23e
In base 7, what